ltiple of 82?
False
Is 1695624 a multiple of 339?
False
Is 128 a factor of 4834272?
False
Is 43654 a multiple of 13?
True
Does 1240 divide 11693200?
True
Is 901081 a multiple of 186?
False
Is 44068 a multiple of 46?
True
Is 409294 a multiple of 20?
False
Is 586312 a multiple of 37?
False
Is 6 a factor of 277062?
True
Is 6449310 a multiple of 2118?
True
Is 1327612 a multiple of 142?
False
Is 106 a factor of 326798?
True
Does 9 divide 36126?
True
Does 50 divide 25250?
True
Does 21 divide 1082172?
True
Is 23545 a multiple of 6?
False
Does 53 divide 55967?
False
Does 2 divide 283814?
True
Is 36 a factor of 10780560?
True
Is 49 a factor of 2585160?
False
Does 203 divide 400262?
False
Does 122 divide 4704091?
False
Is 59653 a multiple of 6?
False
Is 20 a factor of 29309?
False
Is 17 a factor of 13504851?
True
Is 93 a factor of 114460?
False
Is 2762131 a multiple of 31?
True
Is 553078 a multiple of 23?
False
Does 20 divide 1777560?
True
Is 25 a factor of 2505066?
False
Is 146476 a multiple of 44?
True
Is 301625 a multiple of 25?
True
Is 211850 a multiple of 50?
True
Is 611332 a multiple of 49?
False
Is 404 a factor of 1926135?
False
Does 86 divide 966812?
True
Is 2564050 a multiple of 12?
False
Is 334612 a multiple of 9?
False
Does 586 divide 1193682?
True
Is 25 a factor of 825619?
False
Is 107728 a multiple of 16?
True
Does 53 divide 160802?
True
Is 290763 a multiple of 33?
True
Is 444 a factor of 44834?
False
Does 49 divide 3401935?
False
Is 273 a factor of 45281?
False
Is 40 a factor of 16094474?
False
Is 12 a factor of 50913?
False
Does 200 divide 2432772?
False
Is 90630 a multiple of 106?
True
Is 827898 a multiple of 151?
False
Is 260051 a multiple of 11?
True
Does 66 divide 22173294?
True
Is 104 a factor of 2876841?
False
Is 1125 a factor of 12826226?
False
Does 50 divide 7975100?
True
Is 2 a factor of 42868?
True
Is 667 a factor of 1809665?
False
Is 1954563 a multiple of 30?
False
Does 82 divide 356771?
False
Is 1285617 a multiple of 21?
False
Is 67404 a multiple of 21?
False
Does 198 divide 26532?
True
Is 715011 a multiple of 11?
True
Does 150 divide 210300?
True
Does 36 divide 24298?
False
Is 10749 a multiple of 180?
False
Does 19 divide 154679?
True
Does 210 divide 429660?
True
Does 93 divide 20198?
False
Does 325 divide 6269308?
False
Is 4457829 a multiple of 40?
False
Is 11658560 a multiple of 32?
True
Is 1807156 a multiple of 38?
False
Is 26 a factor of 150068?
False
Is 294999 a multiple of 321?
True
Does 47 divide 118769?
True
Is 230 a factor of 1306935?
False
Is 23938002 a multiple of 11?
True
Does 231 divide 10888878?
True
Is 751647 a multiple of 12?
False
Does 79 divide 2221401?
True
Is 1646 a factor of 16846810?
True
Does 11 divide 72921?
False
Does 10 divide 8374460?
True
Does 42 divide 35658?
True
Is 60 a factor of 66923?
False
Is 12 a factor of 1720464?
True
Is 15 a factor of 1441485?
True
Is 2088216 a multiple of 312?
True
Does 14 divide 62090?
True
Is 131311 even?
False
Is 23616 a multiple of 8?
True
Is 556 a factor of 7288604?
True
Does 14 divide 9631069?
False
Does 367 divide 129918?
True
Does 50 divide 4839150?
True
Is 27 a factor of 720792?
True
Does 39 divide 352179?
False
Is 79 a factor of 7792311?
False
Does 14 divide 631467?
False
Is 1332 a factor of 3386150?
False
Is 10 a factor of 113961?
False
Is 4000176 a multiple of 18?
True
Does 99 divide 1370853?
True
Does 6 divide 1508160?
True
Is 122 a factor of 304268?
True
Is 573103 a multiple of 657?
False
Is 614204 a multiple of 1583?
True
Is 555335 a multiple of 6?
False
Is 8356280 a multiple of 20?
True
Is 55 a factor of 73284?
False
Does 21 divide 63294?
True
Is 1838517 a multiple of 159?
True
Is 6 a factor of 17172?
True
Is 40946 a multiple of 45?
False
Does 221 divide 130827?
False
Is 13760 a multiple of 64?
True
Does 28 divide 803895?
False
Is 18 a factor of 2234142?
True
Is 3 a factor of 22790?
False
Does 66 divide 2565958?
False
Is 11225037 a multiple of 61?
True
Does 565 divide 2685245?
False
Does 88 divide 1892728?
False
Is 14 a factor of 3145520?
True
Is 6718275 a multiple of 675?
True
Does 9 divide 1073990?
False
Does 114 divide 3600918?
True
Is 19 a factor of 611610?
True
Is 113 a factor of 6249607?
False
Does 13 divide 221156?
True
Is 4144608 a multiple of 41?
True
Is 7 a factor of 94913?
True
Is 170 a factor of 320620?
True
Is 35 a factor of 31605?
True
Is 130 a factor of 268190?
True
Is 1405500 a multiple of 100?
True
Is 17 a factor of 2671771?
True
Is 300286 a multiple of 178?
True
Is 105383 a multiple of 23?
False
Does 3 divide 5623?
False
Is 503 a factor of 2682448?
False
Is 5383129 a multiple of 141?
False
Does 11 divide 3037606?
True
Is 3444872 a multiple of 7?
False
Is 186510 even?
True
Is 436 a factor of 32244?
False
Is 36348 a multiple of 2?
True
Is 44 a factor of 5512540?
True
Does 700 divide 424200?
True
Is 15457860 a multiple of 220?
True
Does 6 divide 38866?
False
Does 14 divide 2719349?
False
Is 21 a factor of 93764?
False
Is 3476550 a multiple of 330?
True
Is 56 a factor of 973041?
False
Is 65149 a multiple of 69?
False
Is 1163710 a multiple of 167?
False
Does 241 divide 291128?
True
Is 237 a factor of 1860763?
False
Is 101 a factor of 176144?
True
Is 5 a factor of 128525?
True
Is 194195 a multiple of 7?
False
Is 86856 a multiple of 66?
True
Is 76 a factor of 10826336?
False
Does 223 divide 1882973?
False
Does 67 divide 402714?
False
Does 31 divide 20247?
False
Is 1570 a multiple of 5?
True
Does 36 divide 65448?
True
Is 42 a factor of 23566?
False
Does 176 divide 904992?
True
Is 266 a factor of 2630474?
True
Is 30151 a multiple of 38?
False
Is 217 a factor of 617746?
False
Is 8 a factor of 17504?
True
Is 185129 a multiple of 9?
False
Does 12 divide 14005908?
True
Is 26 a factor of 1708460?
True
Does 361 divide 2121076?
False
Is 27 a factor of 79330?
False
Does 205 divide 113544?
False
Does 4 divide 5347577?
False
Is 319 a factor of 442224?
False
Is 188853 a multiple of 16?
False
Is 133365 a multiple of 85?
True
Is 421106 a multiple of 7?
True
Does 193 divide 1733912?
True
Is 60459 a multiple of 21?
True
Is 29 a factor of 191487?
True
Is 8380548 a multiple of 36?
True
Is 3139931 a multiple of 71?
False
Does 318 divide 480043?
False
Does 15 divide 30973?
False
Does 19 divide 1779521?
True
Is 127276 a multiple of 188?
True
Does 302 divide 3304195?
False
Is 2158667 a multiple of 13?
False
Is 30315 even?
False
Does 18 divide 7169274?
True
Does 87 divide 6013983?
False
Is 7 a factor of 27961?
False
Is 821427 a multiple of 28?
False
Is 3 a factor of 3246?
True
Does 260 divide 193314?
False
Does 50 divide 7502346?
False
Does 8 divide 310409?
False
Is 117474 a multiple of 78?
False
Is 3792566 a multiple of 134?
False
Is 22685 a multiple of 184?
False
Does 820 divide 7683930?
False
Is 254 a factor of 323132?
False
Is 1430 a factor of 33680790?
True
Is 7 a factor of 114961?
True
Does 21 divide 194472?
False
Is 216191 a multiple of 37?
True
Is 83127 a multiple of 33?
True
Is 16017 a multiple of 131?
False
Does 291 divide 703244?
False
Is 14 a factor of 155330?
True
Is 13057889 a multiple of 15?
False
Is 17017886 a multiple of 1832?
False
Does 189 divide 553286?
False
Does 598 divide 11422398?
True
Is 9147200 a multiple of 10?
True
Is 82 a factor of 3964?
False
Does 304 divide 16411322?
False
Does 4 divide 4510?
False
Is 185625 a multiple of 33?
True
Does 251 divide 7961720?
True
Does 162 divide 4463910?
True
Is 18 a factor of 4435002?
True
Is 835 a factor of 1202988?
False
Is 2661023 a multiple of 888?
False
Is 684884 a multiple of 26?
False
Is 59 a factor of 2773594?
False
Does 29 divide 9683484?
False
Does 81 divide 336955?
False
Is 2509824 a multiple of 344?
True
Does 19 divide 823600?
False
Is 185 a factor of 16255025?
True
Is 647307 a multiple of 1013?
True
Is 176015 a multiple of 235?
True
Does 16 divide 62918?
False
Is 40748 a multiple of 16?
False
Does 90 divide 307079?
False
Is 12 a factor of 62424?
True
Is 8330 a multiple of 70?
True
Is 39693 a multiple of 4?
False
Is 94 a factor of 2656346?
True
Does 335 divide 3084345?
True
Is 25 a factor of 929750?
True
Is 25 a factor of 1242479?
False
Does 73 divide 113967?
False
Is 482 a factor of 907124?
True
Does 12 divide 95725?
False
Does 57 divide 19866?
False
Is 21 a factor of 72555?
True
Does 45 